= x**2 - 7*x. Let y(q) = 5*q**2 - 34*q - 1. Let i(p) = 11*u(p) - 2*y(p). Let o be i(6). Is (-1)/2 + (-1080)/o a prime number?
True
Let l = 8 + -11. Let f = 8 + l. Suppose 25 + 20 = f*p. Is p a composite number?
True
Suppose 2*h = m + 5*h - 1645, -3*m = -2*h - 4979. Is m a composite number?
False
Let t be 4*-1*-2 + -3. Let i = t + -3. Suppose 3*l - h = 261, 0 = -5*l - 0*l + i*h + 435. Is l composite?
True
Is 7258/8 + 7/(-28) composite?
False
Let z = 1095 - 676. Is z a prime number?
True
Let x be (-1898)/10 + 1/(-5). Let a = 269 + x. Is a composite?
False
Let t(k) = 3*k**2 - k - 7. Is t(12) prime?
False
Suppose 5*t - 2771 = -4*k, -5*t + 2*t - 3*k + 1665 = 0. Is t a composite number?
True
Let y(z) = 210*z**3 - 27*z**2 + 50*z**2 + 1 - 25*z**2. Let l = 3 - 2. Is y(l) a composite number?
True
Let m = 66 + -32. Suppose -10 = 4*d - m. Is 57/2*d/9 composite?
False
Let s(t) = -t**3 + 4*t**2 + 8*t - 7. Let w be s(5). Is -6*((-252)/w + 2) prime?
False
Let l(m) = 121*m - 11. Let b be l(-6). Let r = 1084 + b. Is r composite?
False
Suppose 0 = z - 0 + 1, -5*n + 2*z = -27. Suppose n*a = -23 + 268. Is a a prime number?
False
Let g = 985 - 541. Suppose -x + g + 25 = 0. Is x composite?
True
Let p(n) = 4*n**2 - 6*n + 1. Is p(5) prime?
True
Let f be 4*(3 + (-39)/12). Is (3093/(f - -4))/1 composite?
False
Let n = -915 + 2572. Is n prime?
True
Suppose 2 = -3*n + 5*f - 3*f, -2*n + 4*f = 12. Let h(l) = -10*l + 6. Let q be h(-9). Suppose 4*x + 2*m - q = 0, -3*m + 5 = n*x - 51. Is x a prime number?
False
Let m(n) = n**2 - 9*n + 1. Let p(g) = -3*g**2 + 27*g - 3. Let s(o) = -17*m(o) - 6*p(o). Is s(-10) prime?
True
Let a(r) = 5*r**2 - 16*r + 4. Let b be a(3). Let m(n) = -3 + 2 + 42*n**2 + 12*n**2. Is m(b) a prime number?
True
Let j = -3 - -3. Suppose 2*o - 5*o + 33 = j. Is o prime?
True
Suppose -3*p + 0*o = 2*o - 18, 0 = 3*p - o - 9. Let g(q) = 0*q + 1 + 6*q**2 - 5*q + 0*q**3 - q**3 + 0*q. Is g(p) a composite number?
False
Let u be 1/1*(-15)/(-5). Suppose u*w - 788 = -4*j, 4*w - 4*j = 8*w - 1048. Suppose -3*d - 260 = -4*t, 4*t + 0*d + 5*d = w. Is t a prime number?
False
Let o(i) = 3*i + 6. Let v(j) = j + 1. Let b(n) = -o(n) + 4*v(n). Let t be b(2). Suppose t = k - 2*k + 5, -3*p = 4*k - 767. Is p prime?
False
Let d = -12 + 17. Suppose -2*w + 3 = -5*v - 7, -d*v - 40 = -5*w. Is 4/10 + 256/w composite?
True
Let k = 2 + -4. Let a = k - 0. Is 0 - (-1 + 252/a) a prime number?
True
Suppose 0*o = -5*o + 6730. Is o a prime number?
False
Let y(z) = 3*z - 3. Let d be y(7). Suppose 2*m = -3*j + 25, 0*m + d = m - 4*j. Is m composite?
True
Let s be 3/(-4) + 69/(-4). Is (-6)/s*573*1 composite?
False
Suppose 4*s - 5*x - 8 = 0, 3*s + x - 6 = 4*x. Suppose 2*c - 40 = -s*c. Is c/(-1)*(-5)/2 prime?
False
Let s(t) = -t + 1. Let m = -10 + 7. Let z be s(m). Suppose -2*k + 0*k = 5*b - 455, 0 = -z*b - 4*k + 364. Is b a composite number?
True
Let q be ((-6)/10)/(3/(-15)). Suppose -4*u + l = q*l - 8, -5*u + 13 = 4*l. Is 65 - 7 - u*-1 a prime number?
True
Let k = -3 + 5. Suppose -a + k*a + 3*v = -1, -4 = 2*v. Suppose -a*u - j + 549 = 158, 3*j = -4*u + 304. Is u a composite number?
False
Suppose 5 = 2*i + 1. Let v(b) = -3 + 3*b**2 - i*b + 3*b**3 + 3*b + 4*b + 0*b**2. Is v(4) a prime number?
True
Suppose -2*y - s + 5*s = 0, 2*s = 2*y. Suppose 4*i = -y*d - d + 19, 2*d = -10. Let h(u) = 3*u + 7. Is h(i) a composite number?
True
Let z = 0 - -4. Suppose -4 = -2*b + z*n - 2*n, 4*b + 5*n = 26. Suppose -6 = -3*k, -7 - 5 = -b*f + 2*k. Is f composite?
True
Let b be (-1)/2 - 5285/(-14). Let k = b + -192. Is k prime?
False
Let p be -2 - -5 - (-4 - -4). Suppose -y + 3*x + 10 = p, 0 = -5*y - 4*x - 3. Is y - 2 - (0 - 12) prime?
True
Suppose 0*z = -2*z + q + 47, -3*q - 15 = 0. Let l be 78/z - (-4)/14. Suppose l*k - 345 = -5*m + 631, 3*k = -m + 721. Is k prime?
True
Let z = -2 - -5. Suppose -p + 4*o = 12, z*p - o + 0*o - 8 = 0. Is (-5)/p*(-19 - 1) prime?
False
Suppose 32 - 7 = -5*n, 3*t + 5*n = 35. Suppose -g = 3*g - t. Suppose -5*b = -0 - g, 3*v = -2*b + 473. Is v a composite number?
False
Let t be (-14)/(1/(1/(-1))). Let v be (-7)/(t/516)*1. Is v/4*(-10)/15 prime?
True
Let x(f) = 258*f + 1. Let c be x(1). Suppose -5*l - 84 = -c. Is l prime?
False
Suppose -14*f - 2 = -16*f, 0 = -3*t + 5*f + 46630. Is t prime?
False
Is (158/(-3))/((-4)/6) composite?
False
Let z = 278 - 469. Let q = -134 - z. Is q composite?
True
Let f = 204 + -90. Suppose 0 = w + 3, -2*w = -0*x - 2*x + f. Suppose x = s + r, 3*r - 52 = -s - 0*r. Is s composite?
True
Is -2*14/(-8)*2 a composite number?
False
Let o(b) be the first derivative of 22*b**3 - b + 2. Is o(-1) composite?
True
Suppose 0*t + 3*t - 81 = 0. Let o(v) = -v. Let j be o(4). Is (-13)/j*(t - -1) a composite number?
True
Suppose 3*r = 4*k - 850, -1784 + 733 = -5*k - 2*r. Is k composite?
False
Let l(j) = j - 3. Let d be l(6). Suppose d*b - 62 = -5. Is b a composite number?
False
Is (8 + -5 + 0)*89 composite?
True
Suppose 0*h - 62 = 2*h. Let a = -268 + 184. Let c = h - a. Is c composite?
False
Let a = -49 + 591. Suppose a = 4*y - 110. Is y composite?
False
Let z be 2/3 - (-6)/(-9). Suppose z = -3*s - s + 72. Is (-3)/(s/(-2))*33 a prime number?
True
Suppose 3*q + 0*q - 6 = 3*c, -2 = q. Is (2/(-2))/(c/716) a composite number?
False
Let x = -73 + 111. Is x composite?
True
Let m(z) = z - 1. Let a be m(3). Suppose -2*f + 19 = 4*p - 1, p - 11 = -a*f. Suppose 5*r = 5*n - 120, 5*r = p*n - 0*r - 70. Is n a composite number?
True
Suppose -f = -5*s - 32 + 1, -4*f - 4*s + 100 = 0. Let l = f + -46. Is (-1045)/l - (-6)/8 a composite number?
False
Suppose 3*h + 173 + 121 = -5*w, h + 102 = -3*w. Is h*(1 - (-12)/(-9)) prime?
True
Suppose -9 = 4*g - 5*g - 5*l, -g - 3*l + 7 = 0. Suppose 962 + 2610 = g*o. Is o a prime number?
False
Let c(n) = -6*n**2 + 6*n + 4. Let q be c(9). Let j = q + 693. Is j a composite number?
True
Is (-164)/(-3)*(-18)/(-12) prime?
False
Let m(v) be the third derivative of -v**4/3 - v**3/2 + 5*v**2. Suppose 0*w - 3*w + 2*s = 12, -2 = -2*w - 2*s. Is m(w) composite?
False
Suppose -2*p = 3*k - 1743, -k = -p - 697 + 111. Is k a prime number?
False
Let x(v) = 18*v**2 - v + 14. Is x(-9) a prime number?
True
Let g(x) = 5*x**3 - 3*x**2 - 12*x - 5. Is g(5) composite?
True
Let f = 153 - 79. Is f a prime number?
False
Let k = 1940 + -681. Is k prime?
True
Let i = -1173 - -3388. Let p = i - 1296. Is p a prime number?
True
Let r = -2 + 4. Suppose r*v + 16 = 5*q + 1, v + 15 = 5*q. Suppose -4*k + 591 = -5*g, v*k = -5*k - 5*g + 750. Is k composite?
False
Suppose 0 = -0*x - x + 10. Suppose -x = -2*z + 10. Is z a prime number?
False
Suppose 6 = -2*y + 2*h, 2*h + 18 = -4*y - 0*y. Let k be (y/12)/((-1)/15). Suppose -52 = -5*g + 2*q, g = -0*g - 5*q + k. Is g a prime number?
False
Suppose -18*f + 15*f + 4677 = 0. Is f a composite number?
False
Suppose -s - 2*s = -4*z - 4097, -s + 2*z = -1365. Is s composite?
False
Suppose -6*y + 2 = -5*y. Is ((-21)/9)/(y/(-6)) a prime number?
True
Is (-4)/(-22) + (-7350)/(-110) composite?
False
Suppose -1537 = -7*c + 21066. Is c composite?
False
Suppose 2*k + 5*j = j + 6, -k = 4*j + 1. Suppose 3*o + 124 = k*o. Is o a prime number?
True
Suppose 0 = -4*c, 4*y - 3*c - 60 - 40 = 0. Is y composite?
True
Let v(d) = -4*d + 0*d - 1 - 2*d + 3*d. Is v(-8) a prime number?
True
Is (59 - 3) + (-4 - -7) composite?
False
Suppose -2*h + 6 = 5*s - 25, 8 = h + s. Suppose 0 = -h*k + 3, k + 1121 = 5*x + 2*k. Is 2/6 - x/(-12) composite?
False
Let z = -41 + -56. Let q = 150 + z. Is q composite?
False
Is -1 + 0 - -39 - -1 a composite number?
True
Suppose -4 = -4*n - 4*f, -5*n + 20 = 2*f + 3. Suppose -n*p + 2*z + 181 = -0*p, 0 = -3*p - 5*z + 121. Is p a composite number?
False
Suppose 5*g - 10 = -5*d, g = -g - 4. Suppose -d*k = -k - 2355. Suppose -5*y = 5*o - k, -4*o + 5*y = -547 - 117. Is o a prime number?
False
Let i = -831 + 1402. Is i prime?
True
Let x = 136 - -313. Is x a composite number?
False
Let t = -163 - -278. Suppose -56 = -3*g + t. Let n = g + -4. Is n a composite number?
False
Let k = -5 + 9. Suppose -k*x + 30 = 5*v - 9*x, 2 = -x. Suppose -3*g - 9 = -v*g. Is g a prime number?
False
Let d(f) = 5*f**2 + 15*f - 19. Let i(n) = -4*n**2 - 14*n + 18. Let v(z) = 3*d(z) + 4*i(z). Let m be v(-12). Is (m/(-6))/1*-74 a composite number?
False
Let f(x) = -3*x**2 + 14*x - 12. Let v(d) = -7*d**2 